{"id":650,"date":"2024-12-10T12:51:24","date_gmt":"2024-12-10T11:51:24","guid":{"rendered":"https:\/\/drevnykocur.cz\/77\/?page_id=650"},"modified":"2024-12-10T18:13:14","modified_gmt":"2024-12-10T17:13:14","slug":"regulamin","status":"publish","type":"page","link":"https:\/\/drevnykocur.cz\/77\/regulamin\/","title":{"rendered":"REGULAMIN"},"content":{"rendered":"<p>[et_pb_section fb_built=&#8221;1&#8243; _builder_version=&#8221;4.27.4&#8243; _module_preset=&#8221;default&#8221; global_colors_info=&#8221;{}&#8221;][et_pb_row _builder_version=&#8221;4.27.4&#8243; _module_preset=&#8221;default&#8221; global_colors_info=&#8221;{}&#8221;][et_pb_column type=&#8221;4_4&#8243; _builder_version=&#8221;4.27.4&#8243; _module_preset=&#8221;default&#8221; global_colors_info=&#8221;{}&#8221;][et_pb_text admin_label=&#8221;Tekst&#8221; _builder_version=&#8221;4.27.4&#8243; _module_preset=&#8221;default&#8221; global_colors_info=&#8221;{}&#8221;]<\/p>\n<h3 style=\"text-align: center;\">Regulamin<\/h3>\n<p><strong>\u00a71. Postanowienia og\u00f3lne<\/strong><\/p>\n<ol>\n<li>Regulamin okre\u015bla zasady sprzeda\u017cy voucher\u00f3w oferowanych przez <strong>PIZZA GLOBAL Sp. z o.o.<\/strong>, z siedzib\u0105 w Poznaniu, ul. \u015awi\u0119ty Marcin 11, 61-803 Pozna\u0144, NIP: 7831834183, KRS: 0000891388 (dalej: &#8222;Sprzedawca&#8221;).<\/li>\n<li>Kontakt z Sprzedawc\u0105:\n<ul>\n<li>Adres korespondencyjny: ul. \u015awi\u0119ty Marcin 11, 61-803 Pozna\u0144<\/li>\n<li>Telefon: 608 487 800<\/li>\n<li>E-mail: <a rel=\"noopener\">rynek77@drevnykocur.cz<\/a><\/li>\n<\/ul>\n<\/li>\n<li>Vouchery s\u0105 dost\u0119pne do zakupu wy\u0142\u0105cznie za po\u015brednictwem strony internetowej: <a href=\"http:\/\/www.drevnykocur.cz\/77\" target=\"_new\" rel=\"noopener\">www.drevnykocur.cz\/77<\/a>.<\/li>\n<li>Sprzedawca prowadzi dzia\u0142alno\u015b\u0107 zgodnie z obowi\u0105zuj\u0105cym prawem, w tym przepisami dotycz\u0105cymi ochrony praw konsument\u00f3w.<\/li>\n<\/ol>\n<p><strong>\u00a72. Zakup voucher\u00f3w<\/strong><\/p>\n<ol>\n<li>Dost\u0119pne warto\u015bci voucher\u00f3w: 50, 100, 200, 500, 1000 PLN (brutto).<\/li>\n<li>Cena voucher\u00f3w obejmuje podatek VAT. Klient mo\u017ce otrzyma\u0107 faktur\u0119 VAT po zaznaczeniu odpowiedniej opcji w formularzu zam\u00f3wienia i podaniu numeru NIP.<\/li>\n<li>Voucher jest wa\u017cny przez 1 rok od daty zakupu. Po up\u0142ywie tego terminu voucher traci wa\u017cno\u015b\u0107 i nie podlega realizacji.<\/li>\n<li>Ka\u017cdy voucher posiada unikalny kod, kt\u00f3ry nale\u017cy okaza\u0107 w restauracji przed otwarciem rachunku.<\/li>\n<li>Vouchery nie podlegaj\u0105 zwrotowi ani wymianie na got\u00f3wk\u0119.<\/li>\n<\/ol>\n<p><strong>\u00a73. Formy p\u0142atno\u015bci<\/strong><\/p>\n<ol>\n<li>Akceptowane formy p\u0142atno\u015bci:\n<ul>\n<li>P\u0142atno\u015b\u0107 online za po\u015brednictwem operatora p\u0142atno\u015bci <strong>HotPay<\/strong>.<\/li>\n<\/ul>\n<\/li>\n<li>Rozliczenia transakcji e-przelewem s\u0105 realizowane przez <strong>HotPay.pl<\/strong>.<\/li>\n<\/ol>\n<p><strong>\u00a74. Reklamacje<\/strong><\/p>\n<ol>\n<li>Reklamacje dotycz\u0105ce zakupu voucher\u00f3w mo\u017cna zg\u0142asza\u0107:\n<ul>\n<li>Pisemnie na adres: ul. \u015awi\u0119ty Marcin 11, 61-803 Pozna\u0144<\/li>\n<li>E-mailem na adres: <a rel=\"noopener\">rynek77@drevnykocur.cz<\/a><\/li>\n<\/ul>\n<\/li>\n<li>Reklamacje rozpatrywane s\u0105 w terminie do 14 dni roboczych od daty ich zg\u0142oszenia.<\/li>\n<\/ol>\n<p><strong>\u00a75. Prawo odst\u0105pienia od umowy<\/strong><\/p>\n<ol>\n<li>Klientowi przys\u0142uguje prawo odst\u0105pienia od umowy zakupu vouchera w terminie 14 dni od dnia zawarcia umowy, pod warunkiem, \u017ce voucher nie zosta\u0142 wykorzystany.<\/li>\n<li>Aby skorzysta\u0107 z prawa odst\u0105pienia, Klient powinien przes\u0142a\u0107 jednoznaczne o\u015bwiadczenie na adres: <a rel=\"noopener\">rynek77@drevnykocur.cz<\/a>.<\/li>\n<\/ol>\n<p><strong>\u00a76. Postanowienia ko\u0144cowe<\/strong><\/p>\n<ol>\n<li>Wszelkie spory wynikaj\u0105ce z realizacji umowy sprzeda\u017cy rozstrzygane s\u0105 przez w\u0142a\u015bciwe s\u0105dy polskie.<\/li>\n<li>Regulamin jest dost\u0119pny na stronie internetowej Sprzedawcy w spos\u00f3b umo\u017cliwiaj\u0105cy jego pobranie i utrwalenie.<\/li>\n<\/ol>\n<p>[\/et_pb_text][\/et_pb_column][\/et_pb_row][\/et_pb_section][et_pb_section fb_built=&#8221;1&#8243; specialty=&#8221;on&#8221; padding_top_1=&#8221;0px&#8221; padding_top_bottom_link_1=&#8221;false&#8221; padding_left_right_link_1=&#8221;false&#8221; admin_label=&#8221;Footer&#8221; _builder_version=&#8221;4.27.4&#8243; background_color=&#8221;#00223d&#8221; width=&#8221;94%&#8221; width_last_edited=&#8221;off|phone&#8221; module_alignment=&#8221;right&#8221; custom_margin=&#8221;-40px||||false|false&#8221; custom_padding=&#8221;87px|||||&#8221; saved_tabs=&#8221;all&#8221; locked=&#8221;off&#8221; collapsed=&#8221;off&#8221; global_colors_info=&#8221;{}&#8221; theme_builder_area=&#8221;post_content&#8221;][et_pb_column type=&#8221;1_2&#8243; _builder_version=&#8221;4.16&#8243; custom_padding=&#8221;|||&#8221; global_colors_info=&#8221;{}&#8221; custom_padding__hover=&#8221;|||&#8221; theme_builder_area=&#8221;post_content&#8221;][et_pb_text _builder_version=&#8221;4.16&#8243; text_font=&#8221;Cabin||||||||&#8221; text_font_size=&#8221;16px&#8221; text_line_height=&#8221;1.8em&#8221; header_2_font=&#8221;Playfair Display|700|||||||&#8221; header_2_font_size=&#8221;56px&#8221; header_2_line_height=&#8221;1.1em&#8221; header_3_font=&#8221;Cabin|700||on|||||&#8221; header_3_text_color=&#8221;#bd8f52&#8243; header_3_font_size=&#8221;13px&#8221; header_3_letter_spacing=&#8221;3px&#8221; header_3_line_height=&#8221;1.4em&#8221; background_layout=&#8221;dark&#8221; max_width=&#8221;500px&#8221; max_width_tablet=&#8221;90%&#8221; max_width_phone=&#8221;100%&#8221; max_width_last_edited=&#8221;off|desktop&#8221; custom_margin=&#8221;|0px|||false|false&#8221; text_font_size_tablet=&#8221;15px&#8221; text_font_size_phone=&#8221;14px&#8221; text_font_size_last_edited=&#8221;on|phone&#8221; header_2_font_size_tablet=&#8221;44px&#8221; header_2_font_size_phone=&#8221;32px&#8221; header_2_font_size_last_edited=&#8221;on|tablet&#8221; locked=&#8221;off&#8221; global_colors_info=&#8221;{}&#8221; header_2_2_font_size_phone=&#8221;32px&#8221; header_3_2_font_size_phone=&#8221;32px&#8221; header_4_2_font_size_phone=&#8221;32px&#8221; header_5_2_font_size_phone=&#8221;32px&#8221; header_6_2_font_size_phone=&#8221;32px&#8221; header_2_2_font_size_tablet=&#8221;44px&#8221; header_3_2_font_size_tablet=&#8221;44px&#8221; header_4_2_font_size_tablet=&#8221;44px&#8221; header_5_2_font_size_tablet=&#8221;44px&#8221; header_6_2_font_size_tablet=&#8221;44px&#8221; header_2_2_font_size_last_edited=&#8221;on|tablet&#8221; header_3_2_font_size_last_edited=&#8221;on|tablet&#8221; header_4_2_font_size_last_edited=&#8221;on|tablet&#8221; header_5_2_font_size_last_edited=&#8221;on|tablet&#8221; header_6_2_font_size_last_edited=&#8221;on|tablet&#8221; theme_builder_area=&#8221;post_content&#8221;]<\/p>\n<h3>Zapraszamy<\/h3>\n<h2>Nie mo\u017cemy si\u0119 doczeka\u0107!<\/h2>\n<p>[\/et_pb_text][et_pb_text _builder_version=&#8221;4.16&#8243; text_font=&#8221;Cabin||||||||&#8221; text_font_size=&#8221;16px&#8221; text_line_height=&#8221;1.8em&#8221; header_2_font=&#8221;Playfair Display|700|||||||&#8221; header_2_font_size=&#8221;56px&#8221; header_2_line_height=&#8221;1.1em&#8221; header_3_font=&#8221;Cabin|700||on|||||&#8221; header_3_text_color=&#8221;#bd8f52&#8243; header_3_font_size=&#8221;13px&#8221; header_3_letter_spacing=&#8221;3px&#8221; header_3_line_height=&#8221;1.4em&#8221; background_layout=&#8221;dark&#8221; max_width=&#8221;500px&#8221; max_width_tablet=&#8221;90%&#8221; max_width_phone=&#8221;100%&#8221; max_width_last_edited=&#8221;off|desktop&#8221; custom_margin=&#8221;|0px|||false|false&#8221; text_font_size_tablet=&#8221;15px&#8221; text_font_size_phone=&#8221;14px&#8221; text_font_size_last_edited=&#8221;on|phone&#8221; header_2_font_size_tablet=&#8221;44px&#8221; header_2_font_size_phone=&#8221;32px&#8221; header_2_font_size_last_edited=&#8221;on|tablet&#8221; locked=&#8221;off&#8221; global_colors_info=&#8221;{}&#8221; header_2_2_font_size_phone=&#8221;32px&#8221; header_3_2_font_size_phone=&#8221;32px&#8221; header_4_2_font_size_phone=&#8221;32px&#8221; header_5_2_font_size_phone=&#8221;32px&#8221; header_6_2_font_size_phone=&#8221;32px&#8221; header_2_2_font_size_tablet=&#8221;44px&#8221; header_3_2_font_size_tablet=&#8221;44px&#8221; header_4_2_font_size_tablet=&#8221;44px&#8221; header_5_2_font_size_tablet=&#8221;44px&#8221; header_6_2_font_size_tablet=&#8221;44px&#8221; header_2_2_font_size_last_edited=&#8221;on|tablet&#8221; header_3_2_font_size_last_edited=&#8221;on|tablet&#8221; header_4_2_font_size_last_edited=&#8221;on|tablet&#8221; header_5_2_font_size_last_edited=&#8221;on|tablet&#8221; header_6_2_font_size_last_edited=&#8221;on|tablet&#8221; theme_builder_area=&#8221;post_content&#8221;]<\/p>\n<h3>Zapraszamy<\/h3>\n<h2>Nie mo\u017cemy si\u0119 doczeka\u0107!<\/h2>\n<p>[\/et_pb_text][\/et_pb_column][et_pb_column type=&#8221;1_2&#8243; specialty_columns=&#8221;2&#8243; _builder_version=&#8221;4.16&#8243; custom_padding=&#8221;|||&#8221; global_colors_info=&#8221;{}&#8221; custom_padding__hover=&#8221;|||&#8221; theme_builder_area=&#8221;post_content&#8221;][et_pb_row_inner column_structure=&#8221;1_2,1_2&#8243; _builder_version=&#8221;4.16&#8243; background_color=&#8221;rgba(0,0,0,0.36)&#8221; custom_margin=&#8221;||||false|false&#8221; custom_padding=&#8221;|30px|10px|30px|false|true&#8221; global_colors_info=&#8221;{}&#8221; theme_builder_area=&#8221;post_content&#8221;][et_pb_column_inner type=&#8221;1_2&#8243; saved_specialty_column_type=&#8221;1_2&#8243; _builder_version=&#8221;4.16&#8243; custom_css_main_element=&#8221;margin-bottom: 0 !important;&#8221; global_colors_info=&#8221;{}&#8221; theme_builder_area=&#8221;post_content&#8221;][et_pb_text _builder_version=&#8221;4.16&#8243; text_font=&#8221;Cabin||||||||&#8221; text_text_color=&#8221;rgba(85,101,112,0.8)&#8221; text_font_size=&#8221;16px&#8221; text_line_height=&#8221;1.8em&#8221; background_layout=&#8221;dark&#8221; text_font_size_tablet=&#8221;15px&#8221; text_font_size_phone=&#8221;14px&#8221; text_font_size_last_edited=&#8221;on|phone&#8221; locked=&#8221;off&#8221; global_colors_info=&#8221;{}&#8221; theme_builder_area=&#8221;post_content&#8221;]<\/p>\n<p>pd poniedzia\u0142ku do czwartku<\/p>\n<p>[\/et_pb_text][\/et_pb_column_inner][et_pb_column_inner type=&#8221;1_2&#8243; saved_specialty_column_type=&#8221;1_2&#8243; _builder_version=&#8221;4.16&#8243; global_colors_info=&#8221;{}&#8221; theme_builder_area=&#8221;post_content&#8221;][et_pb_text _builder_version=&#8221;4.16&#8243; text_font=&#8221;Cabin||||||||&#8221; text_font_size=&#8221;16px&#8221; text_line_height=&#8221;1.8em&#8221; text_orientation=&#8221;right&#8221; background_layout=&#8221;dark&#8221; text_font_size_tablet=&#8221;15px&#8221; text_font_size_phone=&#8221;14px&#8221; text_font_size_last_edited=&#8221;on|phone&#8221; text_orientation_tablet=&#8221;&#8221; text_orientation_phone=&#8221;left&#8221; text_orientation_last_edited=&#8221;on|phone&#8221; locked=&#8221;off&#8221; global_colors_info=&#8221;{}&#8221; theme_builder_area=&#8221;post_content&#8221;]<\/p>\n<p>12:00 &#8211; 22:00<\/p>\n<p>[\/et_pb_text][\/et_pb_column_inner][\/et_pb_row_inner][et_pb_row_inner column_structure=&#8221;1_2,1_2&#8243; _builder_version=&#8221;4.16&#8243; background_color=&#8221;rgba(0,0,0,0.36)&#8221; min_height=&#8221;57px&#8221; custom_padding=&#8221;10px|30px|10px|30px|true|true&#8221; global_colors_info=&#8221;{}&#8221; theme_builder_area=&#8221;post_content&#8221;][et_pb_column_inner type=&#8221;1_2&#8243; saved_specialty_column_type=&#8221;1_2&#8243; _builder_version=&#8221;4.16&#8243; custom_css_main_element=&#8221;margin-bottom: 0 !important;&#8221; global_colors_info=&#8221;{}&#8221; theme_builder_area=&#8221;post_content&#8221;][et_pb_text _builder_version=&#8221;4.16&#8243; text_font=&#8221;Cabin||||||||&#8221; text_text_color=&#8221;rgba(85,101,112,0.8)&#8221; text_font_size=&#8221;16px&#8221; text_line_height=&#8221;1.8em&#8221; background_layout=&#8221;dark&#8221; text_font_size_tablet=&#8221;15px&#8221; text_font_size_phone=&#8221;14px&#8221; text_font_size_last_edited=&#8221;on|phone&#8221; locked=&#8221;off&#8221; global_colors_info=&#8221;{}&#8221; theme_builder_area=&#8221;post_content&#8221;]<\/p>\n<p>od pi\u0105tku do niedzieli<\/p>\n<p>[\/et_pb_text][\/et_pb_column_inner][et_pb_column_inner type=&#8221;1_2&#8243; saved_specialty_column_type=&#8221;1_2&#8243; _builder_version=&#8221;4.16&#8243; global_colors_info=&#8221;{}&#8221; theme_builder_area=&#8221;post_content&#8221;][et_pb_text _builder_version=&#8221;4.16&#8243; text_font=&#8221;Cabin||||||||&#8221; text_font_size=&#8221;16px&#8221; text_line_height=&#8221;1.8em&#8221; text_orientation=&#8221;right&#8221; background_layout=&#8221;dark&#8221; text_font_size_tablet=&#8221;15px&#8221; text_font_size_phone=&#8221;14px&#8221; text_font_size_last_edited=&#8221;on|phone&#8221; text_orientation_tablet=&#8221;&#8221; text_orientation_phone=&#8221;left&#8221; text_orientation_last_edited=&#8221;on|phone&#8221; locked=&#8221;off&#8221; global_colors_info=&#8221;{}&#8221; theme_builder_area=&#8221;post_content&#8221;]<\/p>\n<p>12:00 &#8211; 23:00<\/p>\n<p>[\/et_pb_text][\/et_pb_column_inner][\/et_pb_row_inner][et_pb_row_inner _builder_version=&#8221;4.16&#8243; global_colors_info=&#8221;{}&#8221; theme_builder_area=&#8221;post_content&#8221;][et_pb_column_inner saved_specialty_column_type=&#8221;1_2&#8243; _builder_version=&#8221;4.16&#8243; global_colors_info=&#8221;{}&#8221; theme_builder_area=&#8221;post_content&#8221;][et_pb_blurb title=&#8221;ZADZWO\u0143&#8221; use_icon=&#8221;on&#8221; font_icon=&#8221;&#xe065;||divi||400&#8243; icon_color=&#8221;#ffffff&#8221; image_icon_background_color=&#8221;#bd8f52&#8243; icon_placement=&#8221;left&#8221; image_icon_width=&#8221;16px&#8221; content_max_width=&#8221;1100px&#8221; _builder_version=&#8221;4.16&#8243; header_font=&#8221;Cabin|700||on|||||&#8221; header_text_color=&#8221;rgba(85,101,112,0.8)&#8221; header_font_size=&#8221;12px&#8221; header_letter_spacing=&#8221;2px&#8221; header_line_height=&#8221;1.4em&#8221; body_font=&#8221;Cabin|700|||||||&#8221; body_font_size=&#8221;16px&#8221; body_line_height=&#8221;1.3em&#8221; image_icon_custom_padding=&#8221;8px|8px|8px|8px|false|false&#8221; background_layout=&#8221;dark&#8221; custom_margin=&#8221;||||false|false&#8221; body_font_size_tablet=&#8221;15px&#8221; body_font_size_phone=&#8221;14px&#8221; body_font_size_last_edited=&#8221;off|desktop&#8221; border_radii_image=&#8221;on|100%|100%|100%|100%&#8221; use_circle=&#8221;on&#8221; circle_color=&#8221;#bd8f52&#8243; locked=&#8221;off&#8221; global_colors_info=&#8221;{}&#8221; image_icon_background_color__sticky_enabled=&#8221;#e02b20&#8243; image_icon_background_color__sticky=&#8221;#e02b20&#8243; theme_builder_area=&#8221;post_content&#8221;]<span style=\"color: #ffffff;\"><a href=\"tel:608487800\" style=\"color: #ffffff;\">608 487 800<\/a><\/span>[\/et_pb_blurb][et_pb_blurb title=&#8221;ODWIED\u0179&#8221; use_icon=&#8221;on&#8221; font_icon=&#8221;&#xe081;||divi||400&#8243; icon_color=&#8221;#ffffff&#8221; image_icon_background_color=&#8221;#bd8f52&#8243; icon_placement=&#8221;left&#8221; image_icon_width=&#8221;16px&#8221; content_max_width=&#8221;1100px&#8221; _builder_version=&#8221;4.16&#8243; header_font=&#8221;Cabin|700||on|||||&#8221; header_text_color=&#8221;rgba(85,101,112,0.8)&#8221; header_font_size=&#8221;12px&#8221; header_letter_spacing=&#8221;2px&#8221; header_line_height=&#8221;1.4em&#8221; body_font=&#8221;Cabin|700|||||||&#8221; body_font_size=&#8221;16px&#8221; body_line_height=&#8221;1.3em&#8221; image_icon_custom_padding=&#8221;8px|8px|8px|8px|false|false&#8221; background_layout=&#8221;dark&#8221; custom_margin=&#8221;||||false|false&#8221; body_font_size_tablet=&#8221;15px&#8221; body_font_size_phone=&#8221;14px&#8221; body_font_size_last_edited=&#8221;off|desktop&#8221; border_radii_image=&#8221;on|100%|100%|100%|100%&#8221; use_circle=&#8221;on&#8221; circle_color=&#8221;#bd8f52&#8243; locked=&#8221;off&#8221; global_colors_info=&#8221;{}&#8221; image_icon_background_color__sticky_enabled=&#8221;#e02b20&#8243; image_icon_background_color__sticky=&#8221;#e02b20&#8243; theme_builder_area=&#8221;post_content&#8221;]<\/p>\n<p>Stary Rynek 77, Pozna\u0144<\/p>\n<p>[\/et_pb_blurb][et_pb_blurb title=&#8221;Napisz&#8221; use_icon=&#8221;on&#8221; font_icon=&#8221;&#xe076;||divi||400&#8243; icon_color=&#8221;#ffffff&#8221; image_icon_background_color=&#8221;#bd8f52&#8243; icon_placement=&#8221;left&#8221; image_icon_width=&#8221;16px&#8221; content_max_width=&#8221;1100px&#8221; _builder_version=&#8221;4.27.4&#8243; header_font=&#8221;Cabin|700||on|||||&#8221; header_text_color=&#8221;rgba(85,101,112,0.8)&#8221; header_font_size=&#8221;12px&#8221; header_letter_spacing=&#8221;2px&#8221; header_line_height=&#8221;1.4em&#8221; body_font=&#8221;Cabin|700|||||||&#8221; body_font_size=&#8221;16px&#8221; body_line_height=&#8221;1.3em&#8221; image_icon_custom_padding=&#8221;8px|8px|8px|8px|false|false&#8221; background_layout=&#8221;dark&#8221; custom_margin=&#8221;||||false|false&#8221; body_font_size_tablet=&#8221;15px&#8221; body_font_size_phone=&#8221;14px&#8221; body_font_size_last_edited=&#8221;off|desktop&#8221; border_radii_image=&#8221;on|100%|100%|100%|100%&#8221; use_circle=&#8221;on&#8221; circle_color=&#8221;#bd8f52&#8243; locked=&#8221;off&#8221; global_colors_info=&#8221;{}&#8221; image_icon_background_color__sticky_enabled=&#8221;#e02b20&#8243; image_icon_background_color__sticky=&#8221;#e02b20&#8243; theme_builder_area=&#8221;post_content&#8221;]<\/p>\n<p><span style=\"color: #ffffff;\"><a style=\"color: #ffffff;\" href=\"mailto:rynek77@drevnykocur.cz\">rynek77@drevnykocur.cz<\/a><\/span><\/p>\n<p>[\/et_pb_blurb][et_pb_blurb image_icon_background_color=&#8221;#bd8f52&#8243; icon_placement=&#8221;left&#8221; image_icon_width=&#8221;16px&#8221; content_max_width=&#8221;1100px&#8221; _builder_version=&#8221;4.27.4&#8243; header_font=&#8221;Cabin|700||on|||||&#8221; header_text_color=&#8221;rgba(85,101,112,0.8)&#8221; header_font_size=&#8221;12px&#8221; header_letter_spacing=&#8221;2px&#8221; header_line_height=&#8221;1.4em&#8221; body_font=&#8221;Cabin|700|||||||&#8221; body_font_size=&#8221;16px&#8221; body_line_height=&#8221;1.3em&#8221; image_icon_custom_padding=&#8221;8px|8px|8px|8px|false|false&#8221; background_layout=&#8221;dark&#8221; custom_margin=&#8221;||||false|false&#8221; body_font_size_tablet=&#8221;15px&#8221; body_font_size_phone=&#8221;14px&#8221; body_font_size_last_edited=&#8221;off|desktop&#8221; border_radii_image=&#8221;on|100%|100%|100%|100%&#8221; use_circle=&#8221;on&#8221; circle_color=&#8221;#bd8f52&#8243; locked=&#8221;off&#8221; global_colors_info=&#8221;{}&#8221; image_icon_background_color__sticky_enabled=&#8221;#e02b20&#8243; image_icon_background_color__sticky=&#8221;#e02b20&#8243; theme_builder_area=&#8221;post_content&#8221;]<\/p>\n<p><a href=\"https:\/\/drevnykocur.cz\/77\/index.php\/regulamin\/\"><span style=\"color: #ffffff;\">REGULAMIN<\/span><\/a><br \/><a href=\"https:\/\/drevnykocur.cz\/77\/index.php\/polityka-prywatnosci\/\"><span style=\"color: #ffffff;\">POLITYKA PRYWATNO\u015aCI<\/span><\/a><\/p>\n<p>[\/et_pb_blurb][\/et_pb_column_inner][\/et_pb_row_inner][\/et_pb_column][\/et_pb_section]<\/p>\n","protected":false},"excerpt":{"rendered":"<p>Regulamin \u00a71. Postanowienia og\u00f3lne Regulamin okre\u015bla zasady sprzeda\u017cy voucher\u00f3w oferowanych przez PIZZA GLOBAL Sp. z o.o., z siedzib\u0105 w Poznaniu, ul. \u015awi\u0119ty Marcin 11, 61-803 Pozna\u0144, NIP: 7831834183, KRS: 0000891388 (dalej: &#8222;Sprzedawca&#8221;). Kontakt z Sprzedawc\u0105: Adres korespondencyjny: ul. \u015awi\u0119ty Marcin 11, 61-803 Pozna\u0144 Telefon: 608 487 800 E-mail: rynek77@drevnykocur.cz Vouchery s\u0105 dost\u0119pne do zakupu wy\u0142\u0105cznie [&hellip;]<\/p>\n","protected":false},"author":2,"featured_media":0,"parent":0,"menu_order":0,"comment_status":"closed","ping_status":"closed","template":"","meta":{"_et_pb_use_builder":"on","_et_pb_old_content":"","_et_gb_content_width":"","footnotes":""},"class_list":["post-650","page","type-page","status-publish","hentry"],"_links":{"self":[{"href":"https:\/\/drevnykocur.cz\/77\/wp-json\/wp\/v2\/pages\/650","targetHints":{"allow":["GET"]}}],"collection":[{"href":"https:\/\/drevnykocur.cz\/77\/wp-json\/wp\/v2\/pages"}],"about":[{"href":"https:\/\/drevnykocur.cz\/77\/wp-json\/wp\/v2\/types\/page"}],"author":[{"embeddable":true,"href":"https:\/\/drevnykocur.cz\/77\/wp-json\/wp\/v2\/users\/2"}],"replies":[{"embeddable":true,"href":"https:\/\/drevnykocur.cz\/77\/wp-json\/wp\/v2\/comments?post=650"}],"version-history":[{"count":15,"href":"https:\/\/drevnykocur.cz\/77\/wp-json\/wp\/v2\/pages\/650\/revisions"}],"predecessor-version":[{"id":713,"href":"https:\/\/drevnykocur.cz\/77\/wp-json\/wp\/v2\/pages\/650\/revisions\/713"}],"wp:attachment":[{"href":"https:\/\/drevnykocur.cz\/77\/wp-json\/wp\/v2\/media?parent=650"}],"curies":[{"name":"wp","href":"https:\/\/api.w.org\/{rel}","templated":true}]}}